) = -j**2 - j - 6. Let u(i) = 3*i + i**2 - 6*i + 2*i. Let w be u(1). Let o be z(w). Let y(l) = l**3 + 7*l**2 + 6*l + 4. Calculate y(o).
4
Let d(u) = 17*u - 9. Let g(s) = -4*s + 2. Let m(z) = 6*d(z) + 26*g(z). What is m(-2)?
2
Suppose 0 = 5*u - 4*o - 36, 4*u - 35 = -4*o + o. Let m = -3 + u. Let r(z) be the third derivative of -z**5/60 + 5*z**4/24 + 2*z**3/3 - z**2. What is r(m)?
4
Let v(k) = -7 + 3 - 7*k**2 + 4*k**2 - 7*k + 4*k**2. What is v(5)?
-14
Let m(w) = -w**3 - 6*w**2 + 2*w + 5. Let p = -11 + 5. What is m(p)?
-7
Let j(k) = k**3 - 3*k**2 - 3*k - 1. Let d be j(3). Let x be ((-4)/(-2))/(d/(-15)). Let r(s) = -s**3 + 2*s**2 + 3*s + 2. Calculate r(x).
2
Let s(n) be the third derivative of n**7/504 - n**6/720 - n**5/120 + n**4/6 - n**2. Let r(k) be the second derivative of s(k). Calculate r(-1).
5
Let m(g) = -2*g - 8. Let i(z) = -z - 4. Let u(h) = -7*i(h) + 4*m(h). Give u(-5).
1
Let r(k) be the first derivative of -6*k - 1/3*k**3 + 6 + 3*k**2. Let t(s) = 5*s**2. Let i be t(1). Determine r(i).
-1
Let u(h) = -h**3 - 5*h**2 + 7*h - 3. Let k be 0 - (-64)/(-10) - 32/(-80). Give u(k).
-9
Suppose 5*c + 4 = 4*t - 1, 3*c + 16 = 5*t. Let k(v) be the third derivative of 0*v + 1/60*v**5 - c*v**2 + 0 + 1/24*v**4 + 2/3*v**3. Calculate k(-3).
10
Let l(q) = q**2 + 13*q - 16. Let x = 113 - 127. Calculate l(x).
-2
Let f(m) = -m**3 + 5*m**2 + 6*m - 5. Let t be (10 - 2) + -1 - 1. Give f(t).
-5
Let x(c) = -7*c**3 - 2*c - 1. Suppose a = -3*a. Suppose -2*z + 4*p = -4*z - 2, 3*z - 3*p = -3. Let j = a + z. Give x(j).
8
Let c = 7 - 4. Let u(s) = -6*s**2 - 6*s**c + s**2 + 2*s**2 - s + 2*s**2 + 1. Calculate u(1).
-7
Let c(h) = h - 4. Let o = 15 + -24. Let t = o - -12. Determine c(t).
-1
Let i = 5 + -8. Let p(g) = -1 + 3 - 3*g - 2*g - 1. Give p(i).
16
Let k(x) = -x**3 - 3 + 4*x**2 - 2 - 10*x + 13*x. Determine k(4).
7
Let f(s) be the first derivative of -s**3/3 + 5*s**2 + 9*s + 39. Give f(11).
-2
Let i be 0 + -1*(-3 - -2). Suppose -f = -2*x - i, 0 = f - 0 + 1. Let w be 18/6*1*x. Let p(c) = 3*c + 2. Calculate p(w).
-7
Let i(n) = 6*n**3 - 2*n + 1. Suppose -4*y - b = -14, -6*y = -2*y + 2*b - 16. Suppose -h = 2*h - 3*z + y, 2*z = -3*h + 7. Calculate i(h).
5
Let q(c) = 3*c**3 + 5*c**2 + 4*c + 7. Let r(f) = -4*f**3 - 5*f**2 - 6*f - 8. Let u(y) = -3*q(y) - 2*r(y). Calculate u(-5).
-5
Suppose -12*w + 17*w = -5. Let s(c) be the third derivative of c**5/20 + c**3/6 - c**2. Determine s(w).
4
Let k(z) be the second derivative of z**5/20 - z**4/12 + z**2 - z. Let p be (-2 + -2)/(-4) + 1. Calculate k(p).
6
Let v(t) = 7*t**2 - t - 11. Let w = 8 - 12. Let l(a) = 3*a**2 - 5. Let d(x) = w*v(x) + 9*l(x). What is d(3)?
2
Let p be 8/6*21/14. Let n be (-2)/2*(1 - p). Let l(c) = 5*c**3 - 2*c**2 + c. Determine l(n).
4
Suppose -3*o + 2*d + 9 = -3*d, -2*d = 2*o + 10. Let i(k) = -1. Let a(g) = -2*g**2 - g - 5. Let b(m) = -a(m) + 5*i(m). Give b(o).
6
Suppose -5*t + 11 = y - 6, -4*t + 16 = 2*y. Let s(k) be the second derivative of 1/12*k**4 - k + 0 + 2*k**2 + 0*k**t. Determine s(0).
4
Let a(r) = r + 1. Let u(f) = -7*f + 2. Let d be u(1). What is a(d)?
-4
Let l be (1 + 0)*(-1 + 2). Let x be (-5 + 11)*1/6. Let z(j) = -x + 14*j - 11*j - 6*j - 5*j. Give z(l).
-9
Let c(z) = 3*z**2 - 3*z + 1. Let l(x) be the third derivative of x**5/60 + x**4/24 - 3*x**2. Let j(q) = c(q) - 2*l(q). Determine j(3).
-5
Let y(d) = d**3 - 4*d**2 + d - 1. Let x be y(4). Let f(z) = 0*z - 4*z + 3*z. Calculate f(x).
-3
Let o(q) = q**2 - 12*q + 6. Let x(r) = r**3 - 10*r**2 + 24*r - 9. Let m be x(7). What is o(m)?
6
Let x(d) be the third derivative of -d**6/120 - d**5/20 - d**2. Let r = 10 - 9. Suppose -4 = k - r. What is x(k)?
0
Let w(c) = c**3 + 6*c**2 + 4*c + 1. Let y(k) = -k**2 + 7*k - 1. Let a be y(7). Let h = a - 4. Calculate w(h).
6
Let h(t) be the first derivative of t**5/20 - t**4/4 - t**3/3 - 3*t + 1. Let c(j) be the first derivative of h(j). Give c(3).
-6
Let z(n) = n + 13. Let b be -10*1 + (10 - 7). Determine z(b).
6
Let w = 64 - 62. Let u(z) = 6*z - 2. What is u(w)?
10
Let n be 5/(-10)*0/1. Let r(b) be the second derivative of 0 + 1/4*b**5 + 0*b**3 + n*b**4 + 1/2*b**2 + 2*b. Determine r(1).
6
Let h(a) = -5*a - 11. Let n(b) = 9 - 4*b + 10*b + 3. Let l(u) = -5*h(u) - 4*n(u). What is l(-6)?
1
Let j(o) be the second derivative of o**3/3 - 9*o. What is j(-4)?
-8
Suppose 24*z + 35 = 17*z. Let s(v) = -3*v - 9. Let t(o) = 2*o + 8. Let a(f) = 3*s(f) + 4*t(f). Calculate a(z).
10
Let g(c) = 3*c + 9. Let l(n) = 13*n + 37. Let a(q) = -13*q - 37. Let m(t) = -3*a(t) - 4*l(t). Let v(f) = 9*g(f) + 2*m(f). Determine v(-3).
4
Let c = -2 - -4. Let f be 5*(-1 + 7/5). Let k(v) = 0*v**c + f*v**2 + 3*v**2 + 1. Give k(1).
6
Let j(f) be the second derivative of -f**3/3 - 9*f**2/2 - f. Calculate j(-6).
3
Let s(w) = -w**3 + 3*w**2 + 5*w - 3. Suppose 80 = 5*g - 20. Suppose -5*u = -10*u + g. Suppose 5*h = u + 16. Calculate s(h).
1
Let i(y) = y**2 - 3*y + 3 - 2 - 5. What is i(5)?
6
Let p = 8 + -5. Suppose -p = -2*o + 1. Let y(a) = -o*a**2 - a + a - a**3. Determine y(-2).
0
Let z(f) = f. Let b(x) = x**3 + 7*x**2 + 6*x + 1. Let j be b(-6). Let p be (-3)/j - 0/(-4). Let m = p - -1. What is z(m)?
-2
Let f = 23 - 18. Let z(c) = -c**2 + c + 6. What is z(f)?
-14
Let k be ((-192)/16)/(2/(-1)). Let o(h) = -4*h + 9. What is o(k)?
-15
Let n(i) be the first derivative of -10*i**3/3 + i**2 - i - 4. Let l = -4 - -4. Let b be l + 2 - (-3 - -4). What is n(b)?
-9
Let j(u) = 2*u**2. Suppose 5*i - a = -3*a - 14, 2*a + 12 = -4*i. Determine j(i).
8
Let g be (-2)/(-7) - 324/(-42). Let a(y) = 57 + g*y - y**3 - 6*y**2 - 57. What is a(-7)?
-7
Let m(v) = v + 2. Suppose k - r = -9, 5*k - 3*r = -6*r - 21. Determine m(k).
-4
Suppose -11*s = -117 + 40. Let n(a) = a**3 - 6*a**2 - 7*a - 1. Determine n(s).
-1
Let r(d) = d - 7. Let m(s) = s - 10. Let t(w) = -5*m(w) + 7*r(w). Let b(z) = z**2. Let k be b(1). Give t(k).
3
Let z(g) = -g**2 - 3*g + 4. Let v(q) = -2*q**2 + 4*q - 5. Let u be v(2). Calculate z(u).
-6
Let f = -4 - -2. Let m(i) be the first derivative of -i**5/60 - i**4/6 + i**3/6 + i**2 + 2. Let c(j) be the second derivative of m(j). Give c(f).
5
Let o(q) = -q - 8. Let d(w) = w**3 - w**2 - w - 4. Let n be d(0). Give o(n).
-4
Let l(a) = -a + 4. Suppose -2*o = -0*o - 3*k, 0 = o + 5*k - 26. Suppose i = -2*f - 15, 0 = i - 1 + o. Determine l(f).
9
Let m(s) be the third derivative of s**2 - 1/120*s**6 + 0 + 1/30*s**5 + 0*s + 0*s**4 + 1/6*s**3. Let y = -1 + 4. Calculate m(y).
-8
Suppose 0 = 2*g + 3*g - 5*t - 30, 26 = 3*g + t. Let l(i) = -i**2 + 3*i - i + i - 2 + g. Determine l(5).
-4
Let v(u) = u + 2. Let m(i) = i + 2. Let j(f) = 7*m(f) - 6*v(f). Determine j(-2).
0
Suppose 0*i - 2*i = 0. Let f be (-6)/24*(i + -4). Suppose -4*u + f = -3. Let c(r) = -2*r + 1. Give c(u).
-1
Let w(i) = i**2 - i + 6. Let l be w(0). Let v(n) be the third derivative of -n**5/60 + 5*n**4/24 - n**3/2 - 3*n**2 + 2*n. Determine v(l).
-9
Let j(n) = n**3 + 6*n**2 + 5*n. Let v be j(-5). Let d = 4 + v. Let p(k) = -2*k**2 - 8*k**3 + d*k**3 - k + 2*k**3. Determine p(-1).
1
Let j(h) = 4*h**2 + 37*h + 7. Let l(t) = -t - 5 + 3 - t**2 + t - 9*t. Let a(c) = 2*j(c) + 9*l(c). Calculate a(-6).
2
Let m(b) = 18 - b - 2*b - 22 + b**2 - b. Give m(4).
-4
Suppose 4 = 2*u, u = -3*d - d - 22. Let b(q) be the first derivative of q**4/4 + 2*q**3 + q**2/2 - 2*q + 1. Calculate b(d).
-8
Suppose 17*z + 21 = 20*z. Let q(r) = -r + 13. Let k(i) = -i + 14. Let g(o) = 3*k(o) - 4*q(o). Calculate g(z).
-3
Let l(m) = m**2 + 6*m + 4. Let a = -131 - -126. Calculate l(a).
-1
Suppose -o = -3*n + 11, -4*o - 4 = -n - 15. Let d(x) be the second derivative of 1/12*x**4 - 2/3*x**3 + 0 - x + 3*x**2. Give d(o).
6
Let d(b) = 6*b**3 + 4*b**2 + 4*b + 9. Suppose 4*k - 22 = 2*t + 8, 0 = 4*t + 20. Let z(r) = -r**3 - r**2 - r - 1. Let s(j) = k*z(j) + d(j). Give s(0).
4
Suppose 3*y - 4*y + 4 = 0. Let j(z) = -z**3 + 4*z**2 + z + 1. What is j(y)?
5
Let u(x) = -4*x - 2. Let g(b) = 7*b + 4. Let s(p) = -3*g(p) - 5*u(p). Suppose 0 = -d + 2 - 0. Suppose -2*h - 4*q - 4 = 0, -6 = -d*q + 4*q. Determine s(h).
-6
Let b(p) = 7*p**3 - 3*p**2 - 9*p - 4. Let w(v) = -v**3 + v. Let y(c) = -b(c) - 6*w(c). Let a be y(4). Let d(k) = k**3 + k**2 + 6. Give d(a).
6
Let c(h) = -h**2 - 5*h + 2. Let b be c(-5). Suppose -2 = 2*w + b. Let x(r) be the first derivative of r**3/3 + r**2/2 + 13